{"id":15,"date":"2014-07-12T21:44:36","date_gmt":"2014-07-12T20:44:36","guid":{"rendered":"http:\/\/www.mercadoc.org\/cms\/?page_id=15"},"modified":"2024-08-25T15:38:48","modified_gmt":"2024-08-25T13:38:48","slug":"conferences-formations-seminaires-marketing-sensoriel-experientiel-olfactif","status":"publish","type":"page","link":"http:\/\/www.mercadoc.org\/cms\/conferences-formations-seminaires-marketing-sensoriel-experientiel-olfactif\/","title":{"rendered":"Conf\u00e9rences et s\u00e9minaires"},"content":{"rendered":"<p>[et_pb_section admin_label=&#8221;section&#8221;]<br \/>\n\t\t\t[et_pb_row admin_label=&#8221;row&#8221;]<br \/>\n\t\t\t\t[et_pb_column type=&#8221;4_4&#8243;][et_pb_text admin_label=&#8221;Text&#8221;]<\/p>\n<div id=\"TheTexte\">\n<p>Enseignant chercheur, je m&#8217;int\u00e9resse aux th\u00e9matiques du marketing exp\u00e9rientiel, du marketing sensoriel et du marketing olfactif depuis plus de 15 ans que ce soit \u00e0 travers la recherche marketing ou l&#8217;actualit\u00e9 des entreprises.<\/p>\n<p>J\u2019ai eu l\u2019opportunit\u00e9 d&#8217;intervenir lors de conf\u00e9rences ou de s\u00e9minaires inter ou intra entreprise \u00e0 de nombreuses reprises (Marcus Evans, Ateliers de l&#8217;Anvie, salon Eurodeur, Swiss Marketing Club L\u00e9man, Cit\u00e9 des Sciences et de l&#8217;Industrie, CCI Le Havre, CCI Versailles, CCI Grenoble, Cosmetic Valley&#8230;).<\/p>\n<p><span style=\"line-height: 1.5em;\">Ces conf\u00e9rences ou ces s\u00e9minaires ont pour objectif de vous proposer une vision structur\u00e9e de ce que repr\u00e9sentent le marketing exp\u00e9rientiel, sensoriel et olfactif tout en vous apportant les illustrations et les conseils n\u00e9cessaires \u00e0 leurs mises en oeuvre. <\/span><\/p>\n<p><span style=\"line-height: 1.5em;\">Ces prestations <\/span>s\u2019int\u00e8grent<span style=\"line-height: 1.5em;\">\u00a0dans le cadre des activit\u00e9s de formation continue de l&#8217;Universit\u00e9 d&#8217;Angers o\u00f9 je suis Ma\u00eetre de conf\u00e9rences. Elles peuvent \u00eatre<\/span><span style=\"line-height: 1.5em;\">\u00a0\u00eatre imput\u00e9es sur votre budget formation continue et son \u00e9ligibles au DIF.<\/span><\/p>\n<p>Etudions ensemble votre besoin : <a href=\"mailto:bruno.dauce@univ-angers.fr\" target=\"_blank\" rel=\"noopener\">me contacter<\/a><\/p>\n<p>&nbsp;<\/p>\n<p>&nbsp;<\/p>\n<\/div>\n<p>[\/et_pb_text][\/et_pb_column]<br \/>\n\t\t\t[\/et_pb_row]<br \/>\n\t\t[\/et_pb_section]<\/p>\n","protected":false},"excerpt":{"rendered":"<p>Enseignant chercheur, je m&#8217;int\u00e9resse aux th\u00e9matiques du marketing exp\u00e9rientiel, du marketing sensoriel et du marketing olfactif depuis plus de 15 ans que ce soit \u00e0 travers la recherche marketing ou l&#8217;actualit\u00e9 des entreprises. J\u2019ai eu l\u2019opportunit\u00e9 d&#8217;intervenir lors de conf\u00e9rences ou de s\u00e9minaires inter ou intra entreprise \u00e0 de nombreuses reprises (Marcus Evans, Ateliers de [&hellip;]<\/p>\n","protected":false},"author":1,"featured_media":518,"parent":0,"menu_order":0,"comment_status":"open","ping_status":"closed","template":"","meta":{"_et_pb_use_builder":"on","_et_pb_old_content":"<div id=\"TheTexte\">\n\nEnseignant chercheur, je m'int\u00e9resse aux th\u00e9matiques du marketing exp\u00e9rientiel, du marketing sensoriel et du marketing olfactif depuis plus de 15 ans que ce soit \u00e0 travers la recherche marketing ou l'actualit\u00e9 des entreprises.\n\nJ\u2019ai eu l\u2019opportunit\u00e9 d'intervenir lors de conf\u00e9rences ou de s\u00e9minaires inter ou intra entreprise \u00e0 de nombreuses reprises (Marcus Evans, Ateliers de l'Anvie, salon Eurodeur, Swiss Marketing Club L\u00e9man, Cit\u00e9 des Sciences et de l'Industrie, CCI Le Havre, CCI Versailles, CCI Grenoble, Cosmetic Valley...).\n\n<span style=\"line-height: 1.5em;\">Ces conf\u00e9rences ou ces s\u00e9minaires ont pour objectif de vous proposer une vision structur\u00e9e de ce que repr\u00e9sentent le marketing exp\u00e9rientiel, sensoriel et olfactif tout en vous apportant les illustrations et les conseils n\u00e9cessaires \u00e0 leurs mises en oeuvre. <\/span>\n\n<span style=\"line-height: 1.5em;\">Ces prestations <\/span>s\u2019int\u00e8grent<span style=\"line-height: 1.5em;\">\u00a0dans le cadre des activit\u00e9s de formation continue de l'Universit\u00e9 d'Angers o\u00f9 je suis Ma\u00eetre de conf\u00e9rences. Elles peuvent \u00eatre<\/span><span style=\"line-height: 1.5em;\">\u00a0\u00eatre imput\u00e9es sur votre budget formation continue et son \u00e9ligibles au DIF.<\/span>\n\nEtudions ensemble votre besoin : <a href=\"mailto:bruno.dauce@univ-angers.fr\" target=\"_blank\">me contacter<\/a>\n\n&nbsp;\n\n&nbsp;\n\n<\/div>","_et_gb_content_width":"","_cbd_carousel_blocks":"[]","footnotes":""},"class_list":["post-15","page","type-page","status-publish","has-post-thumbnail","hentry"],"yoast_head":"<!-- This site is optimized with the Yoast SEO plugin v26.7 - https:\/\/yoast.com\/wordpress\/plugins\/seo\/ -->\n<title>Conf\u00e9rences et s\u00e9minaires - Mercadoc<\/title>\n<meta name=\"description\" content=\"conf\u00e9rences et s\u00e9minaires inter ou intra entreprises consacr\u00e9s au marketing exp\u00e9rientiel, au marketing sensoriel et au marketing olfactif\" \/>\n<meta name=\"robots\" content=\"index, follow, max-snippet:-1, max-image-preview:large, max-video-preview:-1\" \/>\n<link rel=\"canonical\" href=\"http:\/\/www.mercadoc.org\/cms\/conferences-formations-seminaires-marketing-sensoriel-experientiel-olfactif\/\" \/>\n<meta property=\"og:locale\" content=\"en_US\" \/>\n<meta property=\"og:type\" content=\"article\" \/>\n<meta property=\"og:title\" content=\"Conf\u00e9rences et s\u00e9minaires - Mercadoc\" \/>\n<meta property=\"og:description\" content=\"conf\u00e9rences et s\u00e9minaires inter ou intra entreprises consacr\u00e9s au marketing exp\u00e9rientiel, au marketing sensoriel et au marketing olfactif\" \/>\n<meta property=\"og:url\" content=\"http:\/\/www.mercadoc.org\/cms\/conferences-formations-seminaires-marketing-sensoriel-experientiel-olfactif\/\" \/>\n<meta property=\"og:site_name\" content=\"Mercadoc\" \/>\n<meta property=\"article:publisher\" content=\"https:\/\/www.facebook.com\/bruno.dauce\" \/>\n<meta property=\"article:modified_time\" content=\"2024-08-25T13:38:48+00:00\" \/>\n<meta name=\"twitter:card\" content=\"summary_large_image\" \/>\n<meta name=\"twitter:site\" content=\"@brunodauce\" \/>\n<meta name=\"twitter:label1\" content=\"Est. reading time\" \/>\n\t<meta name=\"twitter:data1\" content=\"1 minute\" \/>\n<!-- \/ Yoast SEO plugin. -->","yoast_head_json":{"title":"Conf\u00e9rences et s\u00e9minaires - Mercadoc","description":"conf\u00e9rences et s\u00e9minaires inter ou intra entreprises consacr\u00e9s au marketing exp\u00e9rientiel, au marketing sensoriel et au marketing olfactif","robots":{"index":"index","follow":"follow","max-snippet":"max-snippet:-1","max-image-preview":"max-image-preview:large","max-video-preview":"max-video-preview:-1"},"canonical":"http:\/\/www.mercadoc.org\/cms\/conferences-formations-seminaires-marketing-sensoriel-experientiel-olfactif\/","og_locale":"en_US","og_type":"article","og_title":"Conf\u00e9rences et s\u00e9minaires - Mercadoc","og_description":"conf\u00e9rences et s\u00e9minaires inter ou intra entreprises consacr\u00e9s au marketing exp\u00e9rientiel, au marketing sensoriel et au marketing olfactif","og_url":"http:\/\/www.mercadoc.org\/cms\/conferences-formations-seminaires-marketing-sensoriel-experientiel-olfactif\/","og_site_name":"Mercadoc","article_publisher":"https:\/\/www.facebook.com\/bruno.dauce","article_modified_time":"2024-08-25T13:38:48+00:00","twitter_card":"summary_large_image","twitter_site":"@brunodauce","twitter_misc":{"Est. reading time":"1 minute"},"schema":{"@context":"https:\/\/schema.org","@graph":[{"@type":"WebPage","@id":"http:\/\/www.mercadoc.org\/cms\/conferences-formations-seminaires-marketing-sensoriel-experientiel-olfactif\/","url":"http:\/\/www.mercadoc.org\/cms\/conferences-formations-seminaires-marketing-sensoriel-experientiel-olfactif\/","name":"Conf\u00e9rences et s\u00e9minaires - Mercadoc","isPartOf":{"@id":"http:\/\/www.mercadoc.org\/cms\/#website"},"primaryImageOfPage":{"@id":"http:\/\/www.mercadoc.org\/cms\/conferences-formations-seminaires-marketing-sensoriel-experientiel-olfactif\/#primaryimage"},"image":{"@id":"http:\/\/www.mercadoc.org\/cms\/conferences-formations-seminaires-marketing-sensoriel-experientiel-olfactif\/#primaryimage"},"thumbnailUrl":"","datePublished":"2014-07-12T20:44:36+00:00","dateModified":"2024-08-25T13:38:48+00:00","description":"conf\u00e9rences et s\u00e9minaires inter ou intra entreprises consacr\u00e9s au marketing exp\u00e9rientiel, au marketing sensoriel et au marketing olfactif","breadcrumb":{"@id":"http:\/\/www.mercadoc.org\/cms\/conferences-formations-seminaires-marketing-sensoriel-experientiel-olfactif\/#breadcrumb"},"inLanguage":"en-US","potentialAction":[{"@type":"ReadAction","target":["http:\/\/www.mercadoc.org\/cms\/conferences-formations-seminaires-marketing-sensoriel-experientiel-olfactif\/"]}]},{"@type":"ImageObject","inLanguage":"en-US","@id":"http:\/\/www.mercadoc.org\/cms\/conferences-formations-seminaires-marketing-sensoriel-experientiel-olfactif\/#primaryimage","url":"","contentUrl":""},{"@type":"BreadcrumbList","@id":"http:\/\/www.mercadoc.org\/cms\/conferences-formations-seminaires-marketing-sensoriel-experientiel-olfactif\/#breadcrumb","itemListElement":[{"@type":"ListItem","position":1,"name":"Accueil","item":"http:\/\/www.mercadoc.org\/cms\/"},{"@type":"ListItem","position":2,"name":"Conf\u00e9rences et s\u00e9minaires"}]},{"@type":"WebSite","@id":"http:\/\/www.mercadoc.org\/cms\/#website","url":"http:\/\/www.mercadoc.org\/cms\/","name":"Mercadoc","description":"","potentialAction":[{"@type":"SearchAction","target":{"@type":"EntryPoint","urlTemplate":"http:\/\/www.mercadoc.org\/cms\/?s={search_term_string}"},"query-input":{"@type":"PropertyValueSpecification","valueRequired":true,"valueName":"search_term_string"}}],"inLanguage":"en-US"}]}},"_links":{"self":[{"href":"http:\/\/www.mercadoc.org\/cms\/wp-json\/wp\/v2\/pages\/15","targetHints":{"allow":["GET"]}}],"collection":[{"href":"http:\/\/www.mercadoc.org\/cms\/wp-json\/wp\/v2\/pages"}],"about":[{"href":"http:\/\/www.mercadoc.org\/cms\/wp-json\/wp\/v2\/types\/page"}],"author":[{"embeddable":true,"href":"http:\/\/www.mercadoc.org\/cms\/wp-json\/wp\/v2\/users\/1"}],"replies":[{"embeddable":true,"href":"http:\/\/www.mercadoc.org\/cms\/wp-json\/wp\/v2\/comments?post=15"}],"version-history":[{"count":1,"href":"http:\/\/www.mercadoc.org\/cms\/wp-json\/wp\/v2\/pages\/15\/revisions"}],"predecessor-version":[{"id":28312,"href":"http:\/\/www.mercadoc.org\/cms\/wp-json\/wp\/v2\/pages\/15\/revisions\/28312"}],"wp:featuredmedia":[{"embeddable":true,"href":"http:\/\/www.mercadoc.org\/cms\/wp-json\/"}],"wp:attachment":[{"href":"http:\/\/www.mercadoc.org\/cms\/wp-json\/wp\/v2\/media?parent=15"}],"curies":[{"name":"wp","href":"https:\/\/api.w.org\/{rel}","templated":true}]}}

Conférences et séminaires

<p>[et_pb_section admin_label=&#8221;section&#8221;]<br />
			[et_pb_row admin_label=&#8221;row&#8221;]<br />
				[et_pb_column type=&#8221;4_4&#8243;][et_pb_text admin_label=&#8221;Text&#8221;]</p>
<div id="TheTexte">
<p>Enseignant chercheur, je m&#8217;intéresse aux thématiques du marketing expérientiel, du marketing sensoriel et du marketing olfactif depuis plus de 15 ans que ce soit à travers la recherche marketing ou l&#8217;actualité des entreprises.</p>
<p>J’ai eu l’opportunité d&#8217;intervenir lors de conférences ou de séminaires inter ou intra entreprise à de nombreuses reprises (Marcus Evans, Ateliers de l&#8217;Anvie, salon Eurodeur, Swiss Marketing Club Léman, Cité des Sciences et de l&#8217;Industrie, CCI Le Havre, CCI Versailles, CCI Grenoble, Cosmetic Valley&#8230;).</p>
<p><span style="line-height: 1.5em;">Ces conférences ou ces séminaires ont pour objectif de vous proposer une vision structurée de ce que représentent le marketing expérientiel, sensoriel et olfactif tout en vous apportant les illustrations et les conseils nécessaires à leurs mises en oeuvre. </span></p>
<p><span style="line-height: 1.5em;">Ces prestations </span>s’intègrent<span style="line-height: 1.5em;"> dans le cadre des activités de formation continue de l&#8217;Université d&#8217;Angers où je suis Maître de conférences. Elles peuvent être</span><span style="line-height: 1.5em;"> être imputées sur votre budget formation continue et son éligibles au DIF.</span></p>
<p>Etudions ensemble votre besoin : <a href="mailto:bruno.dauce@univ-angers.fr" target="_blank" rel="noopener">me contacter</a></p>
<p>&nbsp;</p>
<p>&nbsp;</p>
</div>
<p>[/et_pb_text][/et_pb_column]<br />
			[/et_pb_row]<br />
		[/et_pb_section]</p>

<p>Enseignant chercheur, je m&#8217;intéresse aux thématiques du marketing expérientiel, du marketing sensoriel et du marketing olfactif depuis plus de 15 ans que ce soit à travers la recherche marketing ou l&#8217;actualité des entreprises. J’ai eu l’opportunité d&#8217;intervenir lors de conférences ou de séminaires inter ou intra entreprise à de nombreuses reprises (Marcus Evans, Ateliers de [&hellip;]</p>

<div id="TheTexte">

Enseignant chercheur, je m'intéresse aux thématiques du marketing expérientiel, du marketing sensoriel et du marketing olfactif depuis plus de 15 ans que ce soit à travers la recherche marketing ou l'actualité des entreprises.

J’ai eu l’opportunité d'intervenir lors de conférences ou de séminaires inter ou intra entreprise à de nombreuses reprises (Marcus Evans, Ateliers de l'Anvie, salon Eurodeur, Swiss Marketing Club Léman, Cité des Sciences et de l'Industrie, CCI Le Havre, CCI Versailles, CCI Grenoble, Cosmetic Valley...).

<span style="line-height: 1.5em;">Ces conférences ou ces séminaires ont pour objectif de vous proposer une vision structurée de ce que représentent le marketing expérientiel, sensoriel et olfactif tout en vous apportant les illustrations et les conseils nécessaires à leurs mises en oeuvre. </span>

<span style="line-height: 1.5em;">Ces prestations </span>s’intègrent<span style="line-height: 1.5em;"> dans le cadre des activités de formation continue de l'Université d'Angers où je suis Maître de conférences. Elles peuvent être</span><span style="line-height: 1.5em;"> être imputées sur votre budget formation continue et son éligibles au DIF.</span>

Etudions ensemble votre besoin : <a href="mailto:bruno.dauce@univ-angers.fr" target="_blank">me contacter</a>

&nbsp;

&nbsp;

</div>

<!-- This site is optimized with the Yoast SEO plugin v26.7 - https://yoast.com/wordpress/plugins/seo/ -->
<title>Conférences et séminaires - Mercadoc</title>
<meta name="description" content="conférences et séminaires inter ou intra entreprises consacrés au marketing expérientiel, au marketing sensoriel et au marketing olfactif" />
<meta name="robots" content="index, follow, max-snippet:-1, max-image-preview:large, max-video-preview:-1" />
<link rel="canonical" href="http://www.mercadoc.org/cms/conferences-formations-seminaires-marketing-sensoriel-experientiel-olfactif/" />
<meta property="og:locale" content="en_US" />
<meta property="og:type" content="article" />
<meta property="og:title" content="Conférences et séminaires - Mercadoc" />
<meta property="og:description" content="conférences et séminaires inter ou intra entreprises consacrés au marketing expérientiel, au marketing sensoriel et au marketing olfactif" />
<meta property="og:url" content="http://www.mercadoc.org/cms/conferences-formations-seminaires-marketing-sensoriel-experientiel-olfactif/" />
<meta property="og:site_name" content="Mercadoc" />
<meta property="article:publisher" content="https://www.facebook.com/bruno.dauce" />
<meta property="article:modified_time" content="2024-08-25T13:38:48+00:00" />
<meta name="twitter:card" content="summary_large_image" />
<meta name="twitter:site" content="@brunodauce" />
<meta name="twitter:label1" content="Est. reading time" />
	<meta name="twitter:data1" content="1 minute" />
<!-- / Yoast SEO plugin. -->

Conférences et séminaires - Mercadoc

conférences et séminaires inter ou intra entreprises consacrés au marketing expérientiel, au marketing sensoriel et au marketing olfactif
